se -5*x - d = -251 - 54, 4*d + 330 = 5*x. Calculate the remainder when x is divided by 16.
14
Suppose 13 = -i + 3*i - 3*y, y + 15 = 2*i. Let z = 44 - 77. Let b = -11 - z. What is the remainder when b is divided by i?
6
Suppose 0*z + z = 0. Suppose z*f = -3*f - 6. Calculate the remainder when (-26)/(f - (1 + -1)) is divided by 5.
3
Suppose 57 = -a + 2*a. Calculate the remainder when a is divided by 29.
28
Let z = 13 + -7. What is the remainder when 23 is divided by 24*(0 + 2/z)?
7
Suppose -4*x - 4*d = -24, -5*d + 0 + 8 = 3*x. What is the remainder when 1 + (-3)/(6/(-38)) is divided by x?
9
Suppose 81 = i + 2*i. Let w(o) = -102*o + 3. Calculate the remainder when w(-1) is divided by i.
24
Let s = 32 + -17. What is the remainder when 56 is divided by s?
11
Suppose 2*a + 158 = 4*a. Suppose 2*b - 3*b - a = -x, b + 85 = -5*x. Let m = -54 - b. Calculate the remainder when m is divided by 9.
8
Suppose 3*s = -11 - 10. Let o = 1 - s. Calculate the remainder when 14 is divided by o.
6
Let z(w) be the second derivative of -w**5/20 + w**2/2 - 3*w. Let g be z(-1). Suppose -2*u - g*u = -52. Calculate the remainder when u is divided by 7.
6
Suppose -26 = 6*y - 86. What is the remainder when 178/6 + (-2)/3 is divided by y?
9
Suppose 3*o = -o + 64. Suppose -3 = -2*z + 9. Calculate the remainder when o is divided by z.
4
Suppose q - 86 = 3*d, -d = -q + 22 + 4. What is the remainder when (-1 - 6)/(6/d) is divided by 12?
11
Suppose -2*t - 12 = -4*a + 56, 4*a = -3*t + 68. What is the remainder when a is divided by 5?
2
Suppose 45 = y - 8. What is the remainder when y is divided by 9?
8
Suppose 7*h + 14 = 3*o + 2*h, 3*o + 4*h = 5. Suppose 2*k + 96 = 4*l, 4*l + k - 56 = 2*l. Calculate the remainder when l is divided by (-1)/o - 645/(-45).
12
What is the remainder when (154/(-10))/((-96)/(-20) + -5) is divided by 40?
37
Suppose -3*y - 259 = -103. Let h = -27 + 105. Let w = y + h. Calculate the remainder when w is divided by 9.
8
Let b(j) = 6 + 3 + 0*j + j. Let c = 3 + -10. Calculate the remainder when 5 is divided by b(c).
1
Suppose 8*o = 7*o + 16. Suppose 212 + 18 = 5*z. Calculate the remainder when z is divided by o.
14
Let f = 12 - 6. Calculate the remainder when f is divided by 1.
0
Let d = -8 - -13. Suppose d*x + 114 = 7*x. What is the remainder when x is divided by 15?
12
Let l = 107 - 57. Calculate the remainder when l is divided by 26.
24
Suppose 2*o = -0*o. Suppose -5*v + 95 = -o*v. What is the remainder when v is divided by 7?
5
Let v(r) = -r**3 - 7*r**2 + 6. Let k be (-3)/(-2)*84/(-18). What is the remainder when 10 is divided by v(k)?
4
Suppose -5*s = 4*p - 50, -6 - 14 = -4*p. Calculate the remainder when 22 is divided by s.
4
Suppose -59 = -4*t + 3*c, -4*t + 9*t - 5*c = 80. Calculate the remainder when 31 is divided by t.
9
Suppose -4*u + 8 + 8 = 0. Calculate the remainder when u is divided by (-4 + 1)*(-4)/6.
0
Suppose -4*l = -3*g + 28, 0*g - 5*g = -4*l - 60. Suppose -2*n - 5*q + 51 = g, 0 = -n - 3*q + 20. What is the remainder when 17 is divided by n?
2
Let p(b) = 5*b**2 - b**2 + b**2 + 9*b**2. What is the remainder when 41 is divided by p(1)?
13
Let l = 65 + -39. Calculate the remainder when l is divided by 7.
5
Let g(j) = j**3 + 8*j**2 - 2*j - 6. Let c be g(-8). Let i = -8 - c. Calculate the remainder when i*1/(-2) + -1 is divided by 3.
2
Suppose -55 = -3*g + 131. What is the remainder when g is divided by 16?
14
Let z(b) = 6*b - 3. Calculate the remainder when z(7) is divided by 10.
9
Suppose 0 = -5*r + 572 - 97. Calculate the remainder when r is divided by 32.
31
Suppose -4*c + 303 = -0*c + l, -3*c + 5*l = -256. What is the remainder when c is divided by 16?
13
Let i(x) = -x**2 + 2*x + 3. Let p be i(3). Suppose p = s + s + 12. What is the remainder when (2/(-4))/(s/84) is divided by 4?
3
Let c = 0 + 3. Suppose 2*t = -c*f + 20, 4*t + 2*f - 56 = -0*t. Suppose l = -l + t. What is the remainder when 23 is divided by l?
7
Suppose x = -10 - 13. Let k = 14 + x. What is the remainder when (-6)/4*48/k is divided by 5?
3
Suppose -8*y + 78 = -2*y. What is the remainder when 53 is divided by (3 - (4 + -2)) + y?
11
Let y = -10 - -48. Calculate the remainder when y is divided by 13.
12
Suppose 13 - 1 = 3*h. Let k = h + -1. What is the remainder when (24/(-30))/((-1)/10) is divided by k?
2
Let a be -1 + 7 + 2 + -6. Suppose a*x - t - 104 = -2*x, -2*t = 2*x - 52. What is the remainder when x is divided by 10?
6
Let j(a) = -a**3 - 4*a**2 + 5*a. Let q be j(-5). Let i = 14 + 7. What is the remainder when (q - 1)/((-3)/i) is divided by 3?
1
Suppose -4*f = f - 120. Let w = f - 7. Suppose 13 = 5*t - 32. Calculate the remainder when w is divided by t.
8
What is the remainder when 10 - (-4)/((-4)/(-3)) is divided by 7?
6
Suppose -2*k - 2 + 28 = 0. Suppose -5*a - 35 = -180. Let m = 53 - a. What is the remainder when m is divided by k?
11
Suppose 2*s - 5 = 3. Let o be (s/(-4))/(2/(-14)). Let u(p) = 2*p - 10. Calculate the remainder when 10 is divided by u(o).
2
Let k = -44 + 65. Suppose 27 = 4*j - k. Suppose -3*u = -6 - j. Calculate the remainder when 17 is divided by u.
5
Suppose u - 12 - 2 = 0. Let k = -1 + u. Calculate the remainder when 38 is divided by k.
12
Let n = -6 + 6. Suppose 2*u + n*u = 0. Suppose 0 = -3*j + 15 - u. Calculate the remainder when j is divided by 3.
2
Suppose 6*s = s + 335. Calculate the remainder when s is divided by (4 - 0) + 19 + 0.
21
Let u(v) = 11*v**2. Suppose 0 = 4*q - 4 - 4. Let s = q - 1. What is the remainder when 31 is divided by u(s)?
9
Suppose -2*i = -4 - 2. Let o be (-5)/(-1)*9/15. Suppose 4*j = 5*n + o, -n + 3 = -5*j + 33. What is the remainder when j is divided by i?
1
Let g(p) = -p**2 - 14*p - 9. Let l be g(-9). Let a = -20 + l. What is the remainder when 31 is divided by a?
15
Let q = 1 - -13. Let f(t) = t**2 - 4*t + 27. What is the remainder when f(0) is divided by q?
13
Let q be 4/(-3)*198/(-4). Suppose -3*i + 3 = -q. Calculate the remainder when i is divided by 46/6 - (-1)/3.
7
Suppose 785 - 215 = 6*f. What is the remainder when f is divided by 12?
11
Let s(j) = -j + 4. Let a be s(4). Suppose a = -3*m + 8*m - 295. Calculate the remainder when m is divided by 20.
19
Let q be 0 - (2 + -1) - -5. Suppose 89 = 3*t + 5*l + q, -2*t + 2*l + 30 = 0. What is the remainder when t is divided by 11?
9
Let m = -23 - -15. Let h = m + 24. Suppose 0 = y + 4*y - 30. What is the remainder when h is divided by y?
4
Calculate the remainder when 0 - (-4 - -6) - -29 is divided by 12.
3
Let k = 9 + 1. Let w = -17 - -26. Calculate the remainder when k is divided by (8/2)/(6/w).
4
Suppose 4*o = -0*o + 20. Suppose 0 = v + 4*i + 21 - 128, -3*i + 552 = o*v. Suppose 3*u - v = -0*u. Calculate the remainder when u is divided by 13.
11
Let i be (-1)/(-1) + (4 - 1). Calculate the remainder when ((-42)/9)/(i/(-42)) is divided by 13.
10
Let v = 58 + -40. Calculate the remainder when v is divided by 5.
3
Suppose 3*y - 52 = 4*v, 5*v - 9 + 56 = 3*y. Suppose 5*x - 12 = -2, -2*n + y = 4*x. Let w = n + -6. What is the remainder when 2 is divided by w?
0
Let b(f) = -f**3 + 7*f**2 - f - 4. Calculate the remainder when b(5) is divided by 11.
8
Let h(p) = -p**3 - 5*p**2 - 4*p + 3. Let q be h(-4). Let m(y) = 3*y**2 - 2*y - 4. Suppose 0 = -b + 3*b - 98. What is the remainder when b is divided by m(q)?
15
Suppose c - 12 = -2*c. Suppose 0 = -5*n + 14 - c. Let i = 2 - 1. What is the remainder when n is divided by i?
0
Suppose -3*t + 4*j = -17, 7*t - 2*t - 9 = -3*j. Suppose -s = t*s - 20. What is the remainder when ((-8)/s)/(2/(-30)) is divided by 13?
11
Let o(h) = 2*h**2 + h. Suppose -4*a + 3 = -3*a + 4*r, 4*r + 12 = 4*a. Calculate the remainder when 62 is divided by o(a).
20
Let o be -4*((-12)/(-16))/(-1). Suppose 2*h - 88 = -2*v, -2*h + o*v = -v - 58. Calculate the remainder when h is divided by 20.
19
Let g = -22 - -29. Calculate the remainder when 90 is divided by g.
6
Let k = 26 - 7. Calculate the remainder when 92 is divided by k.
16
Let c(x) = -x**2 + 14*x - 3. Calculate the remainder when 19 is divided by c(13).
9
Suppose -3*x = x - 204. What is the remainder when x is divided by 18?
15
Let v(k) = k**3 + 6*k**2 + 2*k + 3. Let u be v(-3). Suppose 3*y - 102 = u. What is the remainder when y is divided by 15?
12
Let c(l) = -2 + 5*l + 6*l**2 - 4*l + l. Suppose 0 = -n + 2